 g - 11. What are the prime factors of z?
2, 3
Let y(j) = j**2 - 5*j - 2. Let q be y(7). Let f be (-15)/(-2) - (-6)/q. Let l = f + -1. What are the prime factors of l?
7
Let t(k) = -k**3 - 3*k**2 + 8*k + 4. List the prime factors of t(-5).
2, 7
Let z = 1 + 2. Suppose -4*m + z*g + 83 - 29 = 0, -4*g - 7 = -m. What are the prime factors of m?
3, 5
Suppose -5*c + 10*c - 25 = 0. Suppose 0*m = -2*m - 2*t + 10, -7 = m - c*t. List the prime factors of m.
3
Suppose -2*u = -2*w + 268, 0*w + 4*w + 2*u - 554 = 0. What are the prime factors of w?
137
Suppose -5*g - 1 = -16. Let s = -1 + g. List the prime factors of 2*s/2 - -1.
3
Let v be 2/6 + (-29)/(-3). What are the prime factors of (48/(-20))/((-2)/v)?
2, 3
Let h = 8 + -3. What are the prime factors of h?
5
Suppose 11 = 4*c - 221. List the prime factors of c.
2, 29
List the prime factors of 22/4*(27 - 5).
11
Suppose -s + 4*s - 298 = 4*x, -2*x = 4*s - 390. What are the prime factors of s?
2, 7
Let a = 2 - -2. Suppose t = -2*c, -t + a*c = -6*t - 6. Let h = t - -16. List the prime factors of h.
2, 7
Let y(p) = -p + 4. Let g be y(4). Let i(d) be the second derivative of -d**5/20 + d**3/6 + 3*d**2/2 - 2*d. List the prime factors of i(g).
3
Suppose -2*r + 2 = -4*q - 10, r = 3*q + 11. Let d(x) = 3 - 6*x**2 - 6*x + 2*x**3 + 3 - 3*x**3. List the prime factors of d(q).
11
Suppose -2*v + 2*r - 4*r = -180, -4*r + 269 = 3*v. Suppose -3*d = -v - 17. What are the prime factors of d?
2, 3
Let v(u) = 8*u + 2. What are the prime factors of v(4)?
2, 17
Let b(u) = u - 2. Let t be (-1 + 10)/(5 + -4). What are the prime factors of b(t)?
7
Suppose -9 = -3*f - g + 4, -3*f = 3*g - 21. List the prime factors of (-14)/(-6) - f/9.
2
Suppose -w - 3 = -4*w. Suppose -4*l = -r + 1, r - 2*l - 2 = w. List the prime factors of r.
5
Suppose -2*j - 200 = -6*j. Suppose 0 = 3*b - b - 3*m - j, -3*m = 5*b - 83. List the prime factors of b.
19
Let g = 86 - 57. What are the prime factors of g?
29
Suppose -6*o - 132 = -8*o. List the prime factors of o.
2, 3, 11
Suppose 3*y = -0*c + 4*c + 889, -3*c + 318 = y. List the prime factors of y/15 - (-1)/(-5).
2, 5
Let l = -173 - -333. List the prime factors of l.
2, 5
Suppose 4*q + b - 27 = -2, b = 2*q - 11. List the prime factors of q.
2, 3
List the prime factors of -2 + 162*(1 - 4/12).
2, 53
List the prime factors of 1 - (4 - 3)/(2/(-138)).
2, 5, 7
Suppose -3*k - 6 = -27. Let n(m) = -6*m**2 - 3*m + 2 + m - 4*m + m**3. What are the prime factors of n(k)?
3
Let a(g) = g**2 + 5*g + 4. Let v be a(-5). Suppose 0*c - 2*m - 16 = -c, -4 = -v*m. What are the prime factors of c?
2, 3
Suppose 0 = -0*z - 3*z - 45. Let j = 29 + z. What are the prime factors of j?
2, 7
Let w(a) = a**2 - 4*a + 4. Let r be w(4). Suppose k + r*k = 0. Suppose k = -4*i - i + 60. List the prime factors of i.
2, 3
Let c(h) = -h**3 - 9*h**2 - h + 8. List the prime factors of c(-9).
17
Let l be (0 + -1)*(-18)/(-2). Let c be -117*(-2 - 15/l). Let k = -25 + c. List the prime factors of k.
2, 7
Suppose -18 = -2*n + 4*z, -2*z - 12 = -2*n - z. Suppose n*p + 29 = 94. What are the prime factors of p?
13
Suppose 2*l = -2*s - 16, 0 = -2*s - 3*l - 16 - 2. Let v = -12 + s. Let j = v - -31. What are the prime factors of j?
13
Let l(p) = p - 6. Let t be l(7). List the prime factors of (-48)/9*-3 + t.
17
Let r(i) = -i**3 - 4*i**2 + 4*i - 1. Let m be r(-5). Suppose 165 = 4*h - 5*q, h - m*q - 50 = -q. What are the prime factors of h?
5, 7
Let n(k) be the second derivative of -k**5/20 - 13*k**4/12 - k**3/2 + 11*k**2/2 - 6*k. List the prime factors of n(-13).
2, 5
Let z(k) = -4*k - 6. Let t be z(7). List the prime factors of (1/(-2))/(1/t).
17
Suppose -4*w - y + 187 = 0, -5*w + 2*y + 14 + 223 = 0. List the prime factors of w.
47
Let z(s) be the third derivative of s**4/24 - 2*s**3/3 - 4*s**2. Let q be z(6). Suppose -v - 24 = -q*a, -v = -4*a + 3*v + 56. What are the prime factors of a?
2, 5
What are the prime factors of 2/(2148/357 + -6)?
7, 17
Let f(s) = -13*s - 2. Let w be f(3). Let o = w + 64. Suppose -33 = -4*n + o. List the prime factors of n.
2, 7
Let q(i) = i. Let n be q(-1). Let x = 16 - n. List the prime factors of x.
17
Let s(f) be the third derivative of -f**5/60 + f**4/3 - f**2. Suppose b - 8 = -1. What are the prime factors of s(b)?
7
Let l be (-54)/(-5) + 6/30. Let q = l - 10. Let v = q - -16. List the prime factors of v.
17
Suppose 0 = 5*u - 464 + 4. What are the prime factors of u?
2, 23
Suppose 0 = 3*f - 4*f. Suppose 4*s - 18 = -3*k + s, 5*s - 20 = f. Suppose -5*g = 3*q - 45, 3*g + q = k*q + 41. List the prime factors of g.
2, 3
Suppose 0 = -2*d + 5*g + 109, 4*g - 59 - 131 = -5*d. Let y be (-2)/7 + 12/d. What are the prime factors of -2 - (-7 + (y - -2))?
3
Suppose 3*j - 40 = -5*v, v - 5*j + 0*j = -20. Suppose -2 = o - v. Suppose -5*i + o*i = -8. What are the prime factors of i?
2
Suppose 0 = -j + 21 + 7. What are the prime factors of j?
2, 7
Let w = -112 - -226. List the prime factors of w.
2, 3, 19
List the prime factors of ((-6)/(-7))/(3/63).
2, 3
Let a be 565/(-10) - 1/(-2). Let p = -33 - a. Suppose -41 = -4*x + p. List the prime factors of x.
2
Suppose 3*a + 6 = 6*a, 0 = -3*j - 4*a + 23. Suppose -2*b = -3*h + 122, -4*h + 120 = j*b - 12. What are the prime factors of h?
2, 19
What are the prime factors of (-497)/(-21) - 1/(-3)?
2, 3
Suppose 0*r + 540 = 6*r. What are the prime factors of r?
2, 3, 5
Suppose -u + 135 - 22 = -3*z, 0 = 2*u - 4*z - 216. What are the prime factors of u?
2, 7
Suppose -4*g = 6 + 2. List the prime factors of (-2 + 1)/(g/38).
19
Let l be 2/(-11) - 48/(-22). Suppose -3*j - l*c = -6*c - 11, 4*j - 20 = 4*c. What are the prime factors of j?
3
What are the prime factors of (-3 - 1)/(9/((-4266)/12))?
2, 79
Let j = 0 - -3. What are the prime factors of j/((-5)/((-40)/6))?
2
Suppose -3*s - 3*s + 192 = 0. List the prime factors of s.
2
Let h(z) = -z**2 + 18*z + 8. List the prime factors of h(16).
2, 5
Let a = 123 - 55. List the prime factors of a.
2, 17
List the prime factors of (4 - 55/15)/((-1)/(-183)).
61
Suppose -15 = -4*b + b. What are the prime factors of b?
5
Let m(h) = 2*h + 1. Suppose 6*q - 3*q = 18. List the prime factors of m(q).
13
Let d(c) be the second derivative of 0 + 2*c + c**2 - 1/6*c**3. What are the prime factors of d(-6)?
2
Let r = 105 + -30. List the prime factors of r.
3, 5
Let x(f) = -f**3 - 6*f**2 - 5*f. Let n be x(-4). Suppose -4*c = -72 - 16. Let u = n + c. List the prime factors of u.
2, 5
List the prime factors of (-2)/2 - -15 - 3.
11
What are the prime factors of (-7 - -8)*(1 - -126)?
127
Let b(a) = -a**2 + 8*a - 4. Let w be b(7). Suppose -2*q = -5*c - 4*q + 70, -47 = -2*c + w*q. List the prime factors of c.
2
Let c(h) = 4*h. Let f be c(11). Let k = f + -30. What are the prime factors of k?
2, 7
Let w be 24/(-8)*1/1. Let v = w + 8. What are the prime factors of v?
5
Suppose 0 = -5*m + 2*m - 12. Let d(z) be the first derivative of -z**3/3 - 7*z**2/2 - 5*z - 6. List the prime factors of d(m).
7
Let n = 336 + -229. What are the prime factors of n?
107
Let b be (4 + -2 - 1)*2. Let g be (b + (0 - 5))*-1. Suppose 0 = 2*u + g*k + 9, u - 29 = -2*u + 4*k. What are the prime factors of u?
3
Let y(z) = -z**2 - z + 4. Let w be y(3). Let a be (-145)/(-15) + 2 + 2/(-3). Let r = a + w. What are the prime factors of r?
3
Suppose -29 = -5*w + 41. Let r = w + -9. List the prime factors of r.
5
Suppose -3*l = 4*i - 7, -4*i = -6 + 2. Let p be l/(-3) + 2/(-3). List the prime factors of -2*p/(-4)*-22.
11
Let y(k) = -k**3 - 8*k**2 + 7. Suppose -3*c + 53 = 5*b, -2*b + 10 = 2*c - 5*b. Let n be (c + -3)*(-2)/2. List the prime factors of y(n).
7
Let w = 6 - 6. Let s be w - (-2)/(4/2). Suppose -3*o = -s - 17. What are the prime factors of o?
2, 3
Suppose 0 = -l - 5*v - 4, 9*l - 4*l = -5*v. Let a = 24 - l. List the prime factors of a.
23
Let c(s) be the second derivative of -s**5/20 + s**4/12 + 4*s**2 - 6*s. What are the prime factors of c(0)?
2
Suppose -3*z + 4*g - 2*g + 308 = 0, 0 = 2*z + g - 217. What are the prime factors of z?
2, 53
Suppose t = -0 + 5. Let z(p) = 2 + 3*p - t - 3. What are the prime factors of z(6)?
2, 3
Let y = 32 - 14. List the prime factors of y.
2, 3
Let o = 4 - 2. Suppose -o*h + 3 = -9. Let v(l) = -l**3 + 6*l**2 + 2*l - 3. What are the prime factors of v(h)?
3
List the prime factors of (2/(-10)